 11. Let q = n + 2. Calculate the highest common divisor of 4 and q.
4
Let t(z) = -3*z**3 - 2*z + 2. Let r be t(2). Let k = r + 37. What is the greatest common factor of k and 1?
1
Let c be 2/4*(3 - -27). Let o = -9 + c. Calculate the highest common divisor of o and 4.
2
Suppose -4*s - 4 = -24. Let x be 3*((-4)/12 - -1). Suppose x*f + 20 = 6*f. Calculate the greatest common divisor of f and s.
5
Let s(z) = 17*z**3 - 2*z + 1. Let q(i) = i - 2. Let x be q(3). Let f be s(x). Calculate the greatest common divisor of 8 and f.
8
Let r = -53 + 59. Calculate the highest common factor of 54 and r.
6
Let v(r) = 3*r - 25. Let y be v(10). What is the highest common divisor of y and 10?
5
Let b(k) = 4*k - 6. Let y be b(5). Let o be (-1)/(-3)*(2 - -1). Let g(l) = 85*l - 1. Let i be g(o). What is the highest common divisor of y and i?
14
Let f be 6/(-2) + 165/(-10)*-4. What is the greatest common factor of f and 7?
7
Suppose 24 = x - 0*x - 3*a, 5*x - 2*a - 146 = 0. Suppose -2*s - 3*s + x = 0. Let y be (-2 - -64) + 2 - -2. Calculate the greatest common divisor of s and y.
6
Suppose 4*n - 478 = j, -n + 50 + 74 = 2*j. Calculate the highest common factor of 15 and n.
15
Suppose o - 22 = -7. Calculate the highest common factor of 150 and o.
15
Suppose -1 = -3*j + 2*j. Let l = 1 + j. Calculate the greatest common factor of 16 and l.
2
Let j(a) = -3*a - 49. Let p be j(-25). What is the greatest common factor of p and 13?
13
Let l = 0 - -1. Suppose -2*n = -27 + 5. What is the highest common divisor of n and l?
1
Suppose -m + 3*h - 68 = 4*m, m + 2*h + 24 = 0. Let f = -9 - m. What is the greatest common factor of 35 and f?
7
Let f(r) = 6*r**3 - 5*r**2 + r - 3. Let z be f(4). Let j be z/2 - 6/(-4). What is the greatest common factor of 22 and j?
22
Suppose 8*y + 3*d = 6*y + 30, -5*d + 30 = 2*y. What is the greatest common factor of 105 and y?
15
Suppose -11 = -m - 8. What is the greatest common divisor of 21 and m?
3
Suppose 3 = p, 2*s - 11 = 5*p + 20. What is the highest common divisor of s and 161?
23
Let i = -4 + 7. Suppose 0 = i*v - 12 - 96. Let k(c) = -4*c + 14. Let w be k(-10). Calculate the greatest common divisor of w and v.
18
Let b(f) = 2*f**3 - 5*f**2 + 6*f - 4. Let r be b(4). Calculate the highest common factor of r and 17.
17
Let f(r) = r**3 + 5*r**2 + 3. Let q be f(-5). Suppose 41 = -2*p + 241. Suppose p = q*d + d. Calculate the highest common factor of d and 10.
5
Suppose 16 - 60 = -4*w. Let p be 42/4 - (-2)/4. Calculate the greatest common factor of w and p.
11
Let v = 69 - 39. Let n = 83 + -38. Let x be 2/((-12)/n)*-10. Calculate the greatest common divisor of v and x.
15
Let x be (-88)/(-33)*(-2 + (-22)/(-8)). Let q be (-3)/((-10)/4 - -1). Calculate the highest common divisor of q and x.
2
Let r = -161 + 251. What is the highest common divisor of 10 and r?
10
Suppose 0 = 6*d - 0*d - 204. Calculate the greatest common factor of 51 and d.
17
Let o(a) = a**3 + 12*a**2 + 14*a + 20. Let f be o(-10). Calculate the greatest common divisor of f and 32.
16
Suppose -5*j = -0*j - 200. Calculate the greatest common divisor of 60 and j.
20
Suppose 0 = 2*b - 7*b - 5*j + 90, -4*b = 3*j - 75. Calculate the greatest common divisor of b and 7.
7
Suppose 20 = -12*m + 13*m. What is the greatest common divisor of m and 120?
20
Let d(t) = -4*t + 7. Suppose -11 - 4 = -2*g - 5*h, -50 = 5*g - 5*h. Let c be d(g). Let x be (-3)/(((-1)/c)/1). Calculate the greatest common factor of 9 and x.
9
Suppose o = -5, 12 = -3*k - 2*o + 5*o. Let x be -1 - -7 - (9 + k). Calculate the highest common factor of 3 and x.
3
Let r = -99 + 156. Suppose 2*y - r = -y. Calculate the greatest common factor of 57 and y.
19
Let p(c) = -c**3 + 8*c**2 + 2*c - 1. Let d be p(8). Suppose 5*k - 9 = 21. What is the greatest common divisor of d and k?
3
Let q = 277 + -157. Suppose -3*a - 2*a + q = 0. What is the highest common divisor of a and 3?
3
Let n be 2/(-6)*(7 - 10). Calculate the highest common divisor of 7 and n.
1
Let m be 42 + (-2 - -3 - 0 - -1). What is the highest common factor of 66 and m?
22
Let p = -2 + 4. Suppose -5*l = 2*o - 19, 2*l - 4 = -p*o + 3*o. What is the highest common divisor of o and 22?
2
Let h = 6 - 4. Suppose 0 = -m - h*m + 33. Calculate the greatest common factor of 66 and m.
11
Suppose d - 9*d = -56. What is the highest common divisor of d and 63?
7
Let h be 278/(-8) + 2/(-8). Let y = -13 - h. Calculate the greatest common divisor of y and 44.
22
Suppose -3*n + 10 = 4*c, 3*n - c - 28 = 4*c. What is the greatest common factor of 18 and n?
6
Let r be 1*(-7)/((-7)/4). Suppose -36 = -4*b + 3*x, -3*b + x + 18 = -r. Calculate the greatest common divisor of 6 and b.
6
Let d = -16 + 17. Calculate the highest common factor of d and 8.
1
Let z(k) = k - 4. Let l be z(6). Let h be 2/(l/33) - -2. What is the highest common factor of h and 7?
7
Let q(z) = z**2 + 5*z + 3. Let o be q(-5). Suppose 2*b + o*b = 35. What is the highest common divisor of b and 63?
7
Suppose 9*i = 6*i + 48. What is the greatest common divisor of i and 16?
16
Let p = 13 - 8. Let f = 367 - 365. Calculate the highest common factor of p and f.
1
Let i(u) = 27*u**2 + 4*u + 7. Let f be i(-1). Let d be ((-12)/(-5))/(2/10). Calculate the highest common divisor of d and f.
6
Let j(w) = 4*w**2 + 6*w + 2. Let k be j(-2). Calculate the greatest common divisor of 4 and k.
2
Let g = 283 - 112. What is the highest common factor of 19 and g?
19
Suppose -5*p = 474 + 196. Let n = 197 + p. What is the highest common factor of 7 and n?
7
Let q(t) = t**2 + t. Let k be q(-3). Let x = k - -5. What is the greatest common divisor of 22 and x?
11
Let y(b) = -23*b - 2. Let n be y(-4). What is the greatest common factor of n and 60?
30
Let u be -2 + 4 - (-4 + 3). Calculate the highest common divisor of u and 2.
1
Let o = 11 + -3. Suppose 64 - o = 4*c. Let g = -14 - -49. Calculate the greatest common factor of c and g.
7
Let h be 208/3 - ((-95)/(-15) + -6). What is the highest common divisor of 23 and h?
23
Let g = -2 + 1. Let y = 2 - g. Let h = y - -13. Calculate the highest common divisor of h and 16.
16
Let p = -3 + 3. Let h(m) = -m + 5. Let i be h(p). Calculate the greatest common divisor of i and 50.
5
Let f be ((-1)/2)/((-4)/(-8)). Let y be 2/((f/11)/(-1)). What is the greatest common divisor of y and 33?
11
Suppose -11 = 3*s + 4. Let v be 69 - ((-3 - s) + -3). Let a(f) = -2*f + 2. Let x be a(-4). What is the highest common divisor of x and v?
10
Suppose -2*d = -6*d + 8. Let g(p) = p**2 + 2*p - 4. Let f be g(d). Calculate the highest common factor of f and 16.
4
Let b(o) = o**2 - 4*o + 4. Let c be b(4). Suppose -c*p + 32 = -0*p. What is the greatest common factor of p and 88?
8
Suppose 4*y - v - 32 = 0, -5*y + 40 = 3*v + v. What is the highest common factor of 36 and y?
4
Suppose 3*u - 9 = -3*g, -4*u - 1 = -4*g + 19. Suppose -g*t + 147 - 43 = 0. What is the greatest common factor of 182 and t?
26
Suppose -4*y + 0*y + 66 = -s, 3*y = -2*s + 44. Let w(x) = -x**3 + 7*x**2 + 10*x. Let h be w(8). What is the greatest common divisor of h and y?
16
Let f be (-8)/20*(1 + -6). Let x be (f/4)/((-1)/(-30)). Suppose 0 = -4*c + 210 + 450. What is the greatest common divisor of x and c?
15
Suppose 4*f - 6 + 2 = 0. Let k(s) = 8*s**3 - 2*s**2 + 1. Let h be k(f). Let q = -86 - -114. Calculate the highest common divisor of q and h.
7
Suppose -3*v = 9, 4*v - 39 = -c - 2*c. Let g = c - 6. What is the greatest common factor of g and 11?
11
Suppose -4*u + 53 = -27. What is the highest common divisor of u and 5?
5
Let p(v) = -33*v**2 - v + 1. Let i be p(1). Let h = 113 + i. What is the highest common factor of h and 16?
16
Let m = -4 + 7. Let a(i) = 7*i**2 + i + 8. Let b(s) = s**2 + 1. Let w(t) = a(t) - 6*b(t). Let f be w(m). What is the highest common factor of 28 and f?
14
Suppose 41*k - 36 = 37*k. What is the greatest common divisor of k and 36?
9
Let p(f) be the third derivative of f**5/30 + f**4/8 - f**3/3 - 2*f**2. Let q = 6 + -4. Let k be p(q). What is the greatest common divisor of k and 60?
12
Suppose 6*x - 147 = -3. What is the greatest common divisor of 36 and x?
12
Let o = 131 - 121. What is the highest common divisor of o and 170?
10
Suppose 26 = -4*n + 3*w + 104, -5*n + 111 = 3*w. Let j = 54 - n. Let u(t) = t - 4. Let m be u(7). Calculate the g